Let d be h(13). Let k = 8 - 7. What is the highest common divisor of d and k?
1
Suppose 3*g = 5 + 7, -1 = -y + g. Calculate the greatest common factor of y and 25.
5
Suppose j = 4, 3*x - j - 23 - 33 = 0. Suppose x = -5*t, 3*g - 4 + 0 = 4*t. Let r be (-2)/g - (-1)/2. What is the highest common divisor of 8 and r?
1
Let b be (-10707)/(-15) - (-4)/(-50)*10. What is the greatest common factor of 115 and b?
23
Let m = 7 + 0. Suppose -l = -6*l - 10. Let d be ((-567)/(-45))/(l/(-10)). Calculate the greatest common divisor of m and d.
7
Suppose 0 = -u - 0*u + 26. Let o(b) = b**2 - 11*b + 24. Let f be o(21). What is the highest common divisor of f and u?
26
Let d(j) = -97*j + 733. Let v be d(7). What is the greatest common factor of v and 2133?
27
Suppose 16*b - 12*b - 1128 = 0. Calculate the greatest common divisor of b and 517.
47
Suppose 89 = -5*h + 9. Let c(w) = -w**3 - 16*w**2 - 2*w + 32. Let n be c(h). Calculate the highest common factor of 32 and n.
32
Let k be 1/4 + 238/8. Let j = -25 + 29. Suppose -12 = -6*h + j*h. What is the highest common divisor of k and h?
6
Suppose 12 = 14*r - 10*r. Suppose -13 - 8 = -r*b. What is the greatest common divisor of 77 and b?
7
Let z = -82 - -93. Suppose -3*v + 79 + z = 0. What is the greatest common factor of 60 and v?
30
Let v(t) = -t**3 + 11*t**2 - 13*t + 35. Let n be v(10). Suppose -4*x + 3*x = n*g - 65, x + 2*g = 53. Calculate the greatest common factor of 60 and x.
15
Let s = 219 - 16. Let b = s + -43. What is the highest common divisor of 64 and b?
32
Let c(x) = -5*x - 16. Let t be c(-4). Let m be (t - (-136)/(-36)) + (-2230)/(-9). Calculate the highest common divisor of m and 31.
31
Let m = 50 + -50. Suppose 6*a - 42 - 108 = m. Calculate the highest common factor of 175 and a.
25
Let c(i) = 169*i**2 - 3*i - 2. Let n be c(-1). Suppose 2*g - 132 = -2*o + g, 5*o + 3*g - 328 = 0. Calculate the highest common divisor of n and o.
34
Suppose -4*y + 35 + 85 = 0. Let i(b) = b + 19. Let r be i(9). Let u = r - 16. What is the greatest common divisor of u and y?
6
Suppose -99 = -n + 24. Suppose n + 57 = 6*b. Let y(p) = 5*p**2 - p + 2. Let j be y(2). Calculate the greatest common divisor of j and b.
10
Let g be (-4 - -2)*(-33)/(-22). Let h be 72 + 0/(((-3)/g)/1). What is the highest common divisor of h and 12?
12
Let q = -1 - -1. Suppose q*j + 2*a = 4*j - 526, 5*j - a - 653 = 0. Calculate the highest common factor of 52 and j.
26
Suppose 49*h - 3668 - 8435 = 0. What is the highest common factor of 26 and h?
13
Let o(l) = l**2 + 9*l + 4. Let q be o(-10). Let r = 15 - q. Let t = -10 - -21. Calculate the highest common divisor of r and t.
1
Let f(j) = 2*j**2 - 12*j - 28. Let y be f(-6). Let c = -60 + y. What is the highest common factor of 14 and c?
14
Suppose 33*r = 17183 - 4643. What is the greatest common divisor of 40 and r?
20
Let l = 4 + -1. Suppose 3*z = 5*q + 6*z - 269, -161 = -l*q - 2*z. Let w = -735 - -740. Calculate the greatest common factor of w and q.
5
Let x = 4 - -2. Let z = 13 - x. Suppose m - 21 = -z. Calculate the highest common factor of m and 2.
2
Let w be (-516)/(-21) + 30/70. Suppose 4*g = -2*p - 4, -3*g = 2*p - 6*p + w. What is the highest common divisor of p and 6?
2
Suppose -o - 43 - 50 = -5*s, -o - 17 = -s. Calculate the greatest common factor of 1 and s.
1
Let m be (-15)/1*(-10)/6. Suppose -m = -t + 3*z, -4*z + 36 = 3*t - 0*t. Let h = 231 - 229. Calculate the highest common divisor of h and t.
2
Let g(h) = -h**3 - h - 2. Let b be g(-5). Suppose 3*p + p - b = 0. Suppose 0 = -2876*s + 2873*s + 24. What is the greatest common factor of s and p?
8
Suppose 0 = -4*a + 20 - 4, -2*a + 172 = 4*n. Suppose -l + n = -76. Suppose -2*f = -2 - 24. What is the greatest common divisor of l and f?
13
Let c(k) = -k**3 - 19*k**2 + 41*k - 13. Let h be c(-21). Suppose -264 = 2*b - h*b. What is the highest common factor of b and 352?
44
Let a(m) = -45*m - 60. Let k be a(-11). Calculate the greatest common factor of 15 and k.
15
Suppose 4*g - 8*g = 3*w - 1197, -5*g - 4*w + 1496 = 0. Let h = -3 - -23. Calculate the highest common divisor of g and h.
20
Let w be (-15)/(-1 - -1 - 1). Suppose -4*l - 3 = -w. Suppose 6*c = l*c + 150. Calculate the greatest common factor of 20 and c.
10
Let x = -11 - -13. Suppose -6*w = -2*w - 3*i - 469, -x*w + 224 = 2*i. Suppose 16*t - 23 = 15*t. Calculate the highest common divisor of t and w.
23
Let q(m) = -58*m - 23. Let j be q(-1). Calculate the highest common factor of j and 35.
35
Let h be (-3 + 35/14)*152/(-4). Calculate the greatest common divisor of h and 437.
19
Let j be (-4)/(-6) + (192/9 - 0). What is the highest common divisor of 550 and j?
22
Suppose 0 = 22*t - 12444 - 9468. Calculate the highest common factor of t and 12.
12
Let v = -66 - -74. Suppose -v*q + 20 = -3*q. Suppose -2*d = 2*u - d - 11, 2*u = -3*d + 1. What is the highest common divisor of q and u?
4
Let p(j) = j - 1. Let n be p(3). Suppose n*g + 49 = 5*u, -3*g + g - 13 = -u. Let i be (3/u)/(3/36). Calculate the greatest common divisor of i and 4.
4
Suppose -5*z = -38 + 3. Suppose z*x - 80 = 11. Calculate the greatest common factor of x and 13.
13
Suppose 0 = -u + 6*u. Suppose u = 5*m - 3*f + 6*f - 647, -f = -m + 123. Suppose 2*g + 1 = m. Calculate the highest common factor of 42 and g.
21
Suppose i + 4*b = 0, -b + 0*b = 0. Suppose i*p = p + 2*o - 20, 0 = 4*p - o - 62. What is the highest common divisor of p and 176?
16
Suppose -89*u + 12*u + 1530 = 8*u. Let w = -178 - -250. Calculate the greatest common factor of w and u.
18
Let q be (-1)/3 - 50/(-15). Suppose -b = 2*b + 4*x - 106, 0 = -b - x + 37. Calculate the highest common factor of b and q.
3
Let x = 852 - 787. Calculate the greatest common factor of 481 and x.
13
Let x(u) = -u**3 - 9*u - 3*u**3 + 14*u**2 + 2*u**3 + 17 + u**3. Let a be x(9). What is the highest common factor of 11 and a?
11
Suppose -1653 = -17*p + 2597. What is the greatest common factor of p and 20?
10
Let d(g) = 186*g - 58. Let o be d(1). Let f(k) = 4*k**2 + k + 2. Let y be f(-2). Calculate the greatest common factor of y and o.
16
Suppose -58*z + 56*z + 418 = 0. Calculate the highest common factor of z and 19.
19
Let r(x) = x + 8. Let c be r(-8). Suppose 9*z + 0*z - 36 = c. What is the highest common divisor of 20 and z?
4
Suppose 60 = 28*p - 18*p. What is the greatest common factor of 78 and p?
6
Suppose 0 = 9*c + 33*c - 294. Calculate the highest common divisor of c and 70.
7
Let i = 46 - 27. Suppose -q - 3*q + 5*t + i = 0, -5*t + 5 = 0. Calculate the greatest common factor of q and 54.
6
Let u be 7 + 4*(-4)/8. Let i(a) = 2*a**2 + 8*a + 1. Let r be i(-6). Suppose -6*v + 5 = -3*v + 5*z, 4*v = -3*z + r. What is the highest common factor of u and v?
5
Suppose -8*f + 42 = 2*l - 4*f, 79 = 4*l + 3*f. Let u be (38/1)/(4/18). What is the greatest common factor of l and u?
19
Suppose 18*t - 192 = 12*t. Suppose t*l = 30*l + 12. What is the greatest common factor of 21 and l?
3
Let n = 31 - -139. What is the highest common factor of 136 and n?
34
Let s = -40 + 111. Suppose -k + 5*k + 5*p = s, 2*k + 4*p = 34. What is the highest common factor of k and 114?
19
Let x be -28*-3*4/24. Let f(t) = 7*t - 20. Let o be f(x). Let d = 32 + o. Calculate the highest common factor of 10 and d.
10
Suppose 0 = 7*g - 3 - 18. Suppose 5*h + g = 3*n + 1, -4*h - 4*n = -24. Calculate the greatest common divisor of 5 and h.
1
Suppose 3*p = -2*p - 585. Let i = -32 - p. Let u = 87 - 70. Calculate the highest common factor of i and u.
17
Let t be (-7)/((-14)/(-4) + -9 + 5). What is the greatest common divisor of 217 and t?
7
Suppose 19*s - 202304 = -45*s. What is the highest common factor of 29 and s?
29
Suppose 3*z + 4*i = 0, z + 2 = -0*i - 2*i. Suppose 5*v - p + 1 + 58 = 0, p - 4 = 0. Let m = v - -23. What is the greatest common factor of z and m?
4
Let o be 1/((55/(-20))/(-11)) - 0. Calculate the highest common factor of 2 and o.
2
Suppose -6 = -2*h - h. Suppose h*k - 12 = -4. Suppose -5*t - s + 120 = k*s, -2*t - s = -44. Calculate the greatest common factor of t and 10.
10
Let j = -226 - -248. Calculate the greatest common divisor of 22 and j.
22
Let d(t) = t + 4. Let s be d(-2). Let u = 34 - 32. Suppose 0 = -5*p - z + 79, 44 = 3*p + u*z + s*z. What is the greatest common divisor of p and 2?
2
Suppose -4*a - 5*